ltiple of 421?
False
Is 4351 a factor of 68037709?
False
Does 34 divide 47382638?
True
Is 29 a factor of 444837322?
True
Is 122110661 a multiple of 22?
False
Does 69 divide 348671644?
False
Is 87230870 a multiple of 371?
False
Is 9 a factor of 63195649?
False
Does 8 divide 8205312?
True
Does 6 divide 136343145?
False
Is 183513830 a multiple of 83?
True
Is 315 a factor of 181354444?
False
Is 165536514 a multiple of 4862?
True
Does 11 divide 1101823100?
False
Is 28 a factor of 997391359?
False
Is 412071660 a multiple of 420?
True
Is 2 a factor of 8320724?
True
Does 10 divide 238982800?
True
Is 21641646 a multiple of 741?
True
Is 1286 a factor of 40457860?
False
Is 115 a factor of 111272367?
False
Does 1600 divide 1608835990?
False
Is 423028986 a multiple of 3?
True
Is 434 a factor of 1789816000?
True
Is 91 a factor of 14514682?
True
Is 120364064 a multiple of 1544?
True
Is 15387328 a multiple of 175?
False
Does 4 divide 77545508?
True
Is 1097261139 a multiple of 1391?
True
Is 34 a factor of 11450350?
True
Is 109371139 a multiple of 1109?
False
Is 229034740 a multiple of 3140?
True
Is 296 a factor of 1026388498?
False
Is 197169804 a multiple of 830?
False
Is 4 a factor of 162784129?
False
Is 10625660 a multiple of 415?
True
Does 17 divide 29548822?
True
Is 2450 a factor of 223449800?
True
Does 39 divide 718053141?
True
Is 47 a factor of 151880735?
True
Is 3408 a factor of 2804306856?
False
Is 24 a factor of 42347832?
True
Does 23 divide 157747317?
True
Is 513 a factor of 10036845?
True
Is 2 a factor of 57394977?
False
Does 136 divide 65297142?
False
Does 294 divide 22893960?
False
Is 446739858 a multiple of 317?
True
Does 182 divide 5188422?
False
Is 234655805 a multiple of 26?
False
Is 119620875 a multiple of 705?
True
Is 199 a factor of 246696029?
False
Is 165 a factor of 19880323?
False
Is 2486 a factor of 122900382?
True
Is 227 a factor of 1607993090?
True
Is 1697604089 a multiple of 200?
False
Is 9775527 a multiple of 3?
True
Does 2708 divide 251116980?
False
Is 306908580 a multiple of 12?
True
Does 5 divide 61572919?
False
Is 2150316 a multiple of 318?
True
Is 19 a factor of 555075?
False
Is 31 a factor of 177766834?
True
Is 1456 a factor of 1540903?
False
Is 1950540783 a multiple of 29?
True
Is 478 a factor of 47452075?
False
Does 170 divide 1750070957?
False
Is 56135157 a multiple of 296?
False
Does 5 divide 22825665?
True
Does 52 divide 425352111?
False
Is 143386684 a multiple of 538?
True
Is 7561017 a multiple of 1065?
False
Does 68 divide 36960679?
False
Does 274 divide 3603172?
False
Is 45 a factor of 45932310?
True
Is 39 a factor of 141959688?
True
Is 114453543 a multiple of 381?
True
Is 100296384 a multiple of 305?
False
Is 11884400 a multiple of 550?
True
Is 445711998 a multiple of 282?
True
Is 20 a factor of 60677720?
True
Does 1636 divide 16240508?
False
Is 373 a factor of 36764636?
False
Does 22 divide 11070770?
False
Does 500 divide 417153500?
True
Is 20 a factor of 13565240?
True
Is 23 a factor of 110328108?
False
Does 16 divide 11336610?
False
Does 386 divide 1477399174?
True
Does 4 divide 3219320?
True
Does 23 divide 72778945?
False
Does 343 divide 121888137?
True
Does 36 divide 1844212860?
True
Does 537 divide 1012201764?
False
Is 205744220 a multiple of 110?
True
Does 165 divide 5675428?
False
Is 315 a factor of 359118900?
True
Does 47 divide 13555082?
True
Is 36 a factor of 978821820?
True
Is 104792429 a multiple of 49?
True
Does 430 divide 12053330?
True
Is 27363797 a multiple of 97?
True
Does 3 divide 749275?
False
Does 2048 divide 223973376?
True
Is 3030801680 a multiple of 5?
True
Is 11 a factor of 898823559?
False
Is 28 a factor of 29841274?
False
Is 347119281 a multiple of 45?
False
Is 934619 a multiple of 26?
False
Is 5 a factor of 430682918?
False
Does 49 divide 331618717?
False
Is 267041089 a multiple of 33?
False
Is 1052 a factor of 92825324?
True
Is 37709927 a multiple of 17?
True
Is 32 a factor of 1842127?
False
Does 130 divide 7124390?
True
Does 358 divide 61983404?
True
Is 857290561 a multiple of 451?
False
Does 6 divide 45891056?
False
Is 73285896 a multiple of 16?
False
Is 37 a factor of 30811602?
True
Is 1117580352 a multiple of 14?
True
Is 1365555586 a multiple of 4?
False
Is 46629990 a multiple of 8?
False
Is 2052 a factor of 44885448?
True
Does 172 divide 104907100?
True
Is 971 a factor of 21457790?
False
Is 51907992 a multiple of 1347?
True
Is 66879498 a multiple of 14?
True
Is 1416 a factor of 60852600?
True
Does 16 divide 84940688?
True
Is 7795711 a multiple of 7?
True
Does 386 divide 16501886?
True
Is 378292330 a multiple of 221?
True
Is 211158008 a multiple of 2117?
False
Does 5702 divide 1102156326?
False
Does 47 divide 28061961?
True
Is 1366327556 a multiple of 12?
False
Is 132 a factor of 445811388?
True
Does 1206 divide 99000540?
True
Is 8437 a factor of 886360237?
False
Is 3231 a factor of 182252912?
False
Is 2939175591 a multiple of 224?
False
Does 107 divide 1155614017?
True
Is 46 a factor of 374990847?
False
Does 5 divide 16283318?
False
Is 9773220 a multiple of 26?
False
Is 18790355 a multiple of 15?
False
Does 1532 divide 73949345?
False
Does 20 divide 498327071?
False
Does 11 divide 681178135?
True
Does 575 divide 128801725?
True
Is 9007995 a multiple of 400?
False
Does 233 divide 42667892?
True
Is 707 a factor of 161631182?
False
Does 331 divide 41356464?
True
Is 20 a factor of 103740?
True
Is 103 a factor of 55890272?
True
Is 67152740 a multiple of 1630?
True
Is 25 a factor of 157536566?
False
Does 7538 divide 2701641814?
True
Is 291 a factor of 28841302?
False
Is 28662151 a multiple of 7?
True
Is 3 a factor of 767319510?
True
Is 23 a factor of 7688483?
False
Is 4969819872 a multiple of 1072?
True
Is 261 a factor of 38743742?
False
Is 59 a factor of 89321811?
True
Is 338010260 a multiple of 70?
True
Does 282 divide 432735368?
False
Is 8 a factor of 385413502?
False
Does 1305 divide 323518635?
True
Is 2779376 even?
True
Is 152746320 a multiple of 246?
True
Is 49876011 a multiple of 17?
True
Is 669 a factor of 87336092?
False
Is 2596198500 a multiple of 3375?
True
Is 1359 a factor of 2262989133?
True
Does 38 divide 16367430?
False
Does 123 divide 801285222?
True
Does 560 divide 18994617?
False
Does 67 divide 1493908727?
False
Is 50 a factor of 148903800?
True
Is 1076570712 a multiple of 24?
True
Is 287080794 a multiple of 3666?
True
Is 32829150 a multiple of 150?
True
Is 208449472 a multiple of 56?
True
Is 390596830 a multiple of 26?
True
Is 24 a factor of 130778465?
False
Is 6 a factor of 98280087?
False
Is 401 a factor of 95343974?
False
Is 58 a factor of 5561784720?
True
Is 44 a factor of 5377907?
False
Is 7 a factor of 21847259?
True
Does 90 divide 96212683?
False
Is 466174032 a multiple of 124?
True
Does 762 divide 250561689?
False
Is 6615456 a multiple of 503?
True
Does 413 divide 2864568?
True
Is 14 a factor of 214382014?
True
Does 224 divide 18656079?
False
Is 15 a factor of 233558355?
True
Is 1529660599 a multiple of 12?
False
Does 95 divide 28138953?
False
Is 17742709 a multiple of 2?
False
Is 300495 a multiple of 13?
True
Is 123 a factor of 787121206?
False
Is 379103252 a multiple of 44?
True
Is 462274470 a multiple of 890?
False
Is 754 a factor of 321966294?
True
Does 11889 divide 4814547620?
False
Is 44826630 a multiple of 618?
True
Is 320723817 a multiple of 95?
False
Is 111023076 a multiple of 258?
True
Does 13 divide 71950902?
False
Is 109201014 a multiple of 54?
True
Is 504228531 a multiple of 79?
False
Is 381575325 a multiple of 2069?
True
Is 57913580 a multiple of 155?
True
Is 48 a factor of 192644784?
True
Is 93 a factor of 3345114?
False
Is 53233320 a multiple of 210?
True
Is 31034884 a multiple of 2503?
False
Is 6 a factor of 13331691?
False
Is 19 a factor of 117403660?
True
Is 193 a factor of 8683649?
True
Is 343067441 a multiple of 114?
False
Does 191 divide 508873087?
True
Is 11 a factor of 380507480?
False
Does 897 divide 82949707?
False
Is 241 a factor of 1029793?
True
Does 190 divide 31891690?
True
Is 85654951 a multiple of 49?
False
Is 128516452 a multiple of 31?
True
Is 392 a factor of 4391576?
True
Is 640594632 a multiple of 1781?
False
Does 81 divide 18546822?
False
Is 201 a factor of 5443226722?
False
Does 64 divide 136338752?
True
Does 12 divide 78